 2*x - 1. Let s be g(3). Let d(q) = -q**2 - 9 + 11*q - 4*q + 3 + 0. What is the remainder when 6 is divided by d(s)?
2
Suppose -129 = -3*p + 18. Let j = p + -28. Let f(m) = -2*m**2 + 30*m + 33. What is the remainder when f(14) is divided by j?
19
Suppose 2*l = -0*l + 5*y + 10, -5*y = 0. Calculate the remainder when 8 is divided by l.
3
Let z(f) = -5 - 1 + 4*f - 3. Calculate the remainder when 73 is divided by z(7).
16
Suppose 3*n - 47 = 112. What is the remainder when n is divided by -2 + 17 - (-2)/(-2)?
11
Let s(z) = z**2 - 5*z + 4. Let y be s(4). Let t = y + 2. Let r(f) = -f**2 - 2*f. What is the remainder when t is divided by r(-1)?
0
Suppose 4*g - 1 = 23. What is the remainder when 10/15 + 284/g is divided by 17?
14
Let r(p) = p**2 - 12*p - 37. Calculate the remainder when 35 is divided by r(15).
3
Let l = 18 - 13. Let h = l + -3. Suppose h*u = -5*j + 1 + 9, 0 = 2*u - 3*j - 26. What is the remainder when 18 is divided by u?
8
Let i = -100 - -144. What is the remainder when i is divided by 13 + (9/3 - 0)?
12
Suppose 2*c - 700 = -8*c. Calculate the remainder when c is divided by 24.
22
Let u be ((-408)/15)/(4/(-30)). Suppose -3*w - 3*m = 336, 2*w + 0*w = 2*m - u. Let j = -76 - w. What is the remainder when j is divided by 11?
9
Suppose z - 5*d - 7 = 0, -z = -3*z - 3*d + 66. Calculate the remainder when 52 is divided by z.
25
Let c = 1 + 2. Suppose 4*j - c*j = 17. What is the remainder when 65 is divided by j?
14
Let s(b) = b**2 + b + 5. Let a be s(0). Suppose -3*g + 42 = c - 5*g, -210 = -a*c + g. What is the remainder when c is divided by 11?
9
Let b(k) be the first derivative of -1 + 1/4*k**4 + 0*k**3 - 3*k + k**2. Calculate the remainder when 25 is divided by b(2).
7
Let s(x) = x + 58. Suppose -7*o = -5*o. What is the remainder when s(o) is divided by 20?
18
Let x = 6 + -4. Suppose -4*u = 16, x*i = -3*u + u + 72. Suppose -4*o - o + 3*j + 70 = 0, o - 5*j = 14. Calculate the remainder when i is divided by o.
12
Suppose 0 = 4*w - 3*d - 572, 0*w + d = 3*w - 424. Let o = w - 97. What is the remainder when o is divided by 22?
21
Let v(b) = b**3 + 3*b**2 - 12*b - 1. What is the remainder when 42 is divided by v(-5)?
6
Suppose 4 - 2 = c. What is the remainder when 3 is divided by c?
1
Suppose -6*h - 2*h + 144 = 0. Calculate the remainder when 142 is divided by h.
16
Let k = 4 - 6. Calculate the remainder when (-2)/(k + (-37)/(-19)) is divided by (-4)/14 + 93/7.
12
Let v = 143 - 41. Calculate the remainder when v is divided by 21.
18
Suppose -40*u + 42*u - 36 = 0. Let n = -8 + 12. Calculate the remainder when u is divided by n.
2
Suppose -3*r - 3*d + 20 = -r, -3*r - 3*d = -24. Calculate the remainder when 11 - ((-4)/r - -1) is divided by 6.
5
Suppose -10 = 2*w, -4*w - 9 - 20 = -3*f. Suppose -j - f*j + 32 = 0. What is the remainder when 31 is divided by j?
7
Let a = -6 - -19. Suppose 3*n - 5*f - 53 + a = 0, 5 = -3*n - 4*f. Calculate the remainder when 12 is divided by n.
2
Let b(f) = -f**3 - 8*f**2 - 2*f. Let u be b(-8). Suppose l - 2*o = 0, -l = 2*l + 2*o - u. Suppose -q + 17 - 7 = 0. What is the remainder when q is divided by l?
2
Let a = -10 + 16. Calculate the remainder when a is divided by 3.
0
Suppose 77*r - 76*r - 35 = 0. What is the remainder when r is divided by 20?
15
Let r(k) = k + 1. Let o be r(-2). Let z = o + 5. Suppose z*h - 13 = -q, 29 = 2*q + 5*h + 3. What is the remainder when 51 is divided by q?
12
Let v = -29 - -18. Let g = 4 - v. What is the remainder when 28 is divided by g?
13
Let v(o) = 5*o. Let s be 100/7 + (-2)/7. Suppose -2 = -4*n + s. Calculate the remainder when v(1) is divided by n.
1
Suppose 3*b = 3, -3*t = -3*b + 10 - 28. Let g be 3 - 2/(-4)*2. Suppose 0*p = g*p - 48. What is the remainder when p is divided by t?
5
Let u = 4 - 2. Suppose 2*s + u*n - 18 = 6*n, 5*n - 15 = -5*s. Suppose -2*i + s*r + 4 = 17, -i + 4*r = 14. Calculate the remainder when 10 is divided by i.
4
Suppose -c = c - 114. What is the remainder when c is divided by 15?
12
Suppose 0 = -6*t + 4*t + 10. Suppose -5*c = -0*c - 20. Let k = 18 - c. What is the remainder when k is divided by t?
4
Suppose -3*k + 79 = 5*x, 4*x + 2*k = 33 + 29. What is the remainder when 53 is divided by x?
11
Let v = -32 - -37. Let g = 24 + -11. What is the remainder when g is divided by v?
3
Let g(z) = z**2 - 8*z + 41. Let m = 151 + -103. What is the remainder when m is divided by g(4)?
23
Let y(c) = -3*c - 1. Calculate the remainder when y(-3) is divided by 119/35 + (-4)/10.
2
Let b(o) = -2*o**3 + o**2 + 7*o + 9. Let t = 6 - 2. Calculate the remainder when b(-2) is divided by t.
3
Let r be 14 + (-2)/(-4)*4. Suppose 5*s + 2*k = 15, 4*s + 4*k = 6*k + 12. Suppose s*t = t + r. What is the remainder when 14 is divided by t?
6
Let a = 0 - 0. Let r(k) be the second derivative of -k**5/20 + k**4/12 - k**3/6 + 19*k**2/2 + 2*k. What is the remainder when r(a) is divided by 10?
9
Suppose -n + 38 = d, -5*n - 17 - 24 = -2*d. Calculate the remainder when 127 is divided by d.
28
Let z(h) = -h**3 - 5*h**2 - 3*h - 3. Let k be z(-7). Suppose -2*v + 2*j = -76, -k = v - 4*v + j. What is the remainder when v is divided by 10?
9
Suppose -3*r + 30 = 2*a - 100, -3*a + 4*r + 212 = 0. Suppose 3*w = -5*m + a + 38, m = 3*w + 14. Let j = m - 10. What is the remainder when 29 is divided by j?
9
Let k = -4 - -5. Let s(t) = 3*t - 1. Let d = -4 + 9. What is the remainder when d is divided by s(k)?
1
Let r(i) = i**3 - 6*i**2 + 3*i. Let d = -8 - -14. What is the remainder when 35 is divided by r(d)?
17
Let t(j) = 2*j - 17. Calculate the remainder when 54 is divided by t(16).
9
Suppose 7 = -50*w + 51*w. What is the remainder when ((-10)/6)/(2/(-24)) is divided by w?
6
Suppose 2*q = 8 + 2. Let j be 20/(-3) + 6/9. Let v(m) = -m + 3. Calculate the remainder when v(j) is divided by q.
4
Let l = 51 + -24. Calculate the remainder when l is divided by 6.
3
What is the remainder when 99 is divided by -1 - -2 - 297/(-9)?
31
Suppose 2*t + 107 = 5*m, 5*m - 3*t - 2*t - 110 = 0. What is the remainder when 60 is divided by m?
18
Let n = -1 + 12. Calculate the remainder when 31 is divided by n.
9
Suppose -14 = -y + 3*q - 6*q, 0 = 3*y + 5*q - 34. What is the remainder when 19 is divided by y?
3
Let y(t) = t**2 + 5*t - 6. Let f be y(-6). Calculate the remainder when 62 is divided by -1 - (-25 - f) - 3.
20
Let d(p) = -p**2 + 20*p - 59. What is the remainder when 27 is divided by d(16)?
2
Suppose 0 = -3*y + 2*p + 2, -4*y + 3*p - 3 = -y. Calculate the remainder when (10 + 1)*(4 + -3) is divided by y.
3
Let t = 5 - -5. Let x = 2 + t. What is the remainder when 46 is divided by x?
10
Let d = 19 + -11. Calculate the remainder when 10 is divided by 6/d*40/10.
1
Suppose 4*k = 8*k - 164. What is the remainder when k is divided by 16?
9
Let l = 3 - 0. Let u(v) = -2*v + 2*v**2 - 3*v + l + 0. What is the remainder when u(4) is divided by 8?
7
Suppose 59 = 4*s - 5*m, -2*m - 46 = -2*s - s. What is the remainder when 62 is divided by s?
14
Suppose -3*j + 4*c = -25, -4*j - 2*c - 9 = -35. Suppose -2*t + 3*l = -l - 22, -4*l + 43 = 3*t. Calculate the remainder when t is divided by j.
6
Suppose 0 = 2*c - 3*x - x - 50, -c + 31 = -4*x. Let l = -10 + c. What is the remainder when 35 is divided by l?
8
Let p(m) = -m**2 + 10*m - 7. Calculate the remainder when p(8) is divided by 3.
0
Let h = -7 - 4. Let p = h + 19. Suppose -4*c = -c - 42. What is the remainder when c is divided by p?
6
Let f be 6 - (3 - (1 + -1)). Suppose 5 + f = 4*w. Calculate the remainder when 43 is divided by -1 + w + 70/5.
13
Suppose -2*r - r + 2*t = -15, -3*t + 25 = 5*r. Calculate the remainder when 13 is divided by r.
3
Let v(l) = l - 12. Let j = 0 + 1. What is the remainder when v(14) is divided by j?
0
Suppose 0*z = 5*a - 3*z - 223, 5*a - z = 231. What is the remainder when a is divided by 8?
7
Suppose -16*c - 33 = -19*c. Let s(v) = -2*v - 11. Calculate the remainder when c is divided by s(-7).
2
Let b = -76 - -117. Let a(g) = 11*g**3 - 4*g**2 + 5*g - 1. Calculate the remainder when b is divided by a(1).
8
Calculate the remainder when -2*(-1)/(-2)*-37 is divided by 10.
7
Let i = -14 + 15. Suppose -3*l + 3 = -g, -2*l - 17 = -3*l - 5*g. Calculate the remainder when l + 1/(1/(-1)) is divided by i.
0
Suppose q - 169 = -3*j, q + 135 + 152 = 5*j. Suppose 17 = -4*n + j. Calcula